)/(3/2). Suppose -3*s = -12, 0 = 2*b - r*s + s - 38. Suppose -2*i + 5*i = b. List the prime factors of i.
7
Suppose 0 = -r + 3*r - 2. Suppose -5*x = 2*q, -x = -q + 6 + r. Let o(k) = -k + 10. List the prime factors of o(q).
5
Let i be (-11)/(-3) + (-2)/(-6). Suppose -v = 0, 0*v + 3*v + 520 = -i*g. List the prime factors of 8/(-28) + g/(-14).
3
List the prime factors of -2 - 72/(-39) - 4788/(-26).
2, 23
Let i = -20 + 183. What are the prime factors of i?
163
Let w(n) = -n + 2. Let o be w(3). Let r be -43*(o/(-1) + 0). Let l = -31 - r. What are the prime factors of l?
2, 3
Let m = 70 - 7. What are the prime factors of m?
3, 7
List the prime factors of (-1716)/(-8) + 4 + 3/(-2).
7, 31
List the prime factors of 18 + 92 + (-4)/(-1*2).
2, 7
Let w = 8 + -12. List the prime factors of ((-63)/12)/(1/w).
3, 7
Let h(c) = -2*c**2 + 10*c - 3. What are the prime factors of h(4)?
5
Let k(v) = -v**2 - 4*v - 1. Let r be k(-3). Suppose -x + 29 = r*n - 13, -4*n - 228 = -4*x. What are the prime factors of x?
2, 13
Let q = -473 - -784. What are the prime factors of q?
311
Let s = -4 - -7. Suppose 0 = -s*o - 4*m - 16 + 42, -1 = m. List the prime factors of o.
2, 5
Let t = -34 - -109. What are the prime factors of t?
3, 5
Suppose 4*l = -2*b + 668, -4*b + 1414 = -l + 123. What are the prime factors of b?
2, 3
Let b be -3*(-78)/9*1. Let k be b/5 - 3/15. Suppose -4*i + 71 = k*d, -2*d = 2*d - i - 40. List the prime factors of d.
11
Suppose 0 = 4*v - 2*q - 186, 0 = -0*v + v + 5*q - 19. What are the prime factors of v?
2, 11
Let l = 95 + -8. Let z = l - 60. List the prime factors of z.
3
Let h(w) = 32*w**2 - 3*w - 2. Let g be -1 + 0/(3 - 7). What are the prime factors of h(g)?
3, 11
Let y(l) = l**2 + 4*l + 5. What are the prime factors of y(-4)?
5
Let j be 1 + -1 + 3 + -3. Suppose 5*w - 55 = -j*w. List the prime factors of w.
11
Suppose 0 = n + 2*n - 12. Suppose -3*l + 6*l = 18. Suppose -v - l = -n*v. What are the prime factors of v?
2
Let p(i) = -i**3 + 10*i**2 + 3*i - 14. Let o(b) = b**3 - 9*b**2 - 4*b + 13. Let y(k) = -5*o(k) - 4*p(k). List the prime factors of y(6).
3
Let z be 27/(-6)*4/(-6). Suppose 2 - 5 = -z*y. Suppose c = -y + 5. List the prime factors of c.
2
Let z(q) = q**2 + 3*q - 8. List the prime factors of z(-8).
2
Let s(w) = -w**3 + 7*w**2 - 5*w - 4. Let b be s(6). Suppose n + 0*o = 2*o + 2, -b*n + 7 = -o. Suppose -q - n*q + 75 = 0. List the prime factors of q.
3, 5
Let t = 341 + -119. List the prime factors of t.
2, 3, 37
Let t(x) = -13*x + 1. What are the prime factors of t(-1)?
2, 7
Let q = -9 + 29. Let n = 3 + -2. What are the prime factors of n/(2 - 38/q)?
2, 5
Let s(i) = -i**2 - 22*i + 31. List the prime factors of s(-21).
2, 13
Suppose 1 - 13 = -4*i - 2*c, -4*i + 3*c + 2 = 0. Let a = i - -13. Suppose a = -2*h + 39. What are the prime factors of h?
2, 3
Let g be 6/18 + 16/(-3). Let t = g - -12. What are the prime factors of t?
7
Let o be (-440)/(-33) - 2/6. What are the prime factors of o/1 + 2/1?
3, 5
Suppose 0 = 4*s + 6 + 10. Let p be (-56)/(-3) - s/(-6). List the prime factors of 1233/81 + (-4)/p.
3, 5
Let s(v) = 14*v + 69. What are the prime factors of s(6)?
3, 17
Let i(n) be the third derivative of n**6/120 - n**5/15 - n**4/4 + 7*n**3/6 - n**2. Suppose -4 = -3*x - 1, 0 = 4*y + x - 21. List the prime factors of i(y).
2
Let c = 37 + -72. List the prime factors of (-10)/c - (-136)/14.
2, 5
Let v(a) = a**2 - 8*a + 4. Let f be v(7). What are the prime factors of 1*(1 + f)*-7?
2, 7
Let g(c) = 187*c - 37. What are the prime factors of g(2)?
337
Suppose -4*o = n + 52 + 27, 85 = -4*o - 3*n. Let g be ((-294)/(-35))/((-1)/(-5)). Let a = g + o. What are the prime factors of a?
23
Suppose 0 = -i - 5 - 4. Let n = 19 + i. What are the prime factors of n?
2, 5
Suppose -3*k + 2*d = 19, 0 = -2*k - 0*d + 3*d - 16. Suppose 45 = -6*y + y. Let t = k - y. What are the prime factors of t?
2
Suppose -5*z = -18 - 12. List the prime factors of z.
2, 3
Let m be (-20)/(-8)*16/10. Let t = 2 - m. Let d = t + 11. What are the prime factors of d?
3
Let s(p) = 3*p + 1. Let l(h) = h. Let o(d) = 7*l(d) - 3*s(d). List the prime factors of o(-7).
11
Let i = -80 + 127. What are the prime factors of i?
47
Suppose -297 = -4*d - o + 6*o, 3*d - 249 = -5*o. Suppose -4*b - 14 = -d. What are the prime factors of b?
2
Let f be 16/2*(-1 - -3). Let j = f + -10. List the prime factors of j.
2, 3
Let x = 26 + -16. List the prime factors of x.
2, 5
Suppose 8*h = 3*h. Suppose -5*i + 7 = -2*f, -5 = 4*f - 1. What are the prime factors of h + i + -3 - -9?
7
Suppose 2*x - d = -5, 4*x - 3*x - d = -5. Suppose -4*c + x*c = -60. List the prime factors of c.
3, 5
Let s be (-3 - -5)/((-2)/(-2)). Suppose s*w - 4*w = -4*u - 48, 5*u = -4*w + 31. List the prime factors of w.
2, 7
Let k = 188 + -118. What are the prime factors of k?
2, 5, 7
Suppose -5*u = -0*u + 50. Let x = 15 + u. What are the prime factors of x?
5
Let n be 17/68*(-1 - -9). Suppose -9 - 73 = -n*y. List the prime factors of y.
41
Let i(a) be the first derivative of 11*a**2 + 2*a + 2. Let w be i(2). What are the prime factors of w/10 - (-2)/5?
5
Let b = 7 - 16. Let g = b + 57. List the prime factors of g.
2, 3
Let u(y) be the third derivative of y**5/60 + 5*y**4/12 + y**2. Let x be u(-10). Let r = 7 - x. What are the prime factors of r?
7
Suppose 0 = 3*n + 10 - 4, 5*n + 9 = u. What are the prime factors of 1*(2 + u + 2)?
3
What are the prime factors of ((-945)/(-14))/((-3)/(-6))?
3, 5
Suppose 0 = 2*u - 3*u. Let n be -2 + (-2 - -3) + u. Let v(c) = 9*c**2 + c. What are the prime factors of v(n)?
2
Suppose 0 = 7*c - 190 - 447. What are the prime factors of c?
7, 13
Let i(r) = r**2 + 0*r + 0*r**2 + r - 3. Suppose 2*a = a + 3. List the prime factors of i(a).
3
Let k be 103/(2 + -5 + 2). Let z = -55 - k. Suppose -5*w - z = -8*w + 3*t, -4*t - 50 = -3*w. List the prime factors of w.
2, 7
Let h = 20 + -9. Let k(w) = 4*w - 1. List the prime factors of k(h).
43
Suppose -6*g = -364 - 32. List the prime factors of g.
2, 3, 11
What are the prime factors of 4 - (-66 - (-1 + 0))?
3, 23
Let n(p) = p**2 + 6*p - 4. Let t be n(-6). Let m(c) = -4*c - 3. What are the prime factors of m(t)?
13
Let a(d) = 8*d + 12. Let i(n) = 4*n + 6. Suppose -3*w - 12 = 0, -o = o + 4*w + 12. Let v(z) = o*a(z) - 5*i(z). What are the prime factors of v(-5)?
2, 7
Let a be (-2)/(-2 + 0) + -7. Let s = a - -8. Suppose 5*h - 45 = s*i - i, 33 = h - 5*i. What are the prime factors of h?
2
Suppose 5*h - 19*h = -3304. What are the prime factors of h?
2, 59
Let b = -520 - -798. List the prime factors of b.
2, 139
Let l(a) = a**3 - 8*a**2 + 9*a - 10. Let p be l(7). List the prime factors of (-3)/(-12) + 107/p.
3
Let n(w) be the second derivative of w**5/20 - 5*w**4/12 - w**3 - 4*w**2 - 2*w. Let j be n(6). Let o = j - -11. What are the prime factors of o?
3
Let b(r) = -r**3 + 7*r**2 + 8*r - 8. Suppose 4*m - 5*v = 48, -1 = 4*m + 5*v - 9. Let l be b(m). Suppose -2*g = 2*g - l. List the prime factors of g.
2, 3
Suppose -4*b + 2*b = 4*w - 466, -w = -4*b + 950. What are the prime factors of b?
3, 79
Suppose 3 - 2 = 3*q - 4*m, -2*m = -3*q + 5. Suppose 0 = -q*l + l - 4*z + 32, 39 = 3*l + 3*z. What are the prime factors of l?
2, 5
Suppose 5*z + 18 = 2*z. Let f = 3 + z. What are the prime factors of (-3 + -1)/(f/3)?
2
Let i(y) = -y**3 - 6*y**2 - y + 7. Let n be i(-6). Let u be (-10)/(-6)*(-3 + 0). Let j = u + n. List the prime factors of j.
2
Let d = 29 + -51. Suppose 4 = 2*o + 2*r - 62, -3*r = 3. Let x = d + o. What are the prime factors of x?
2, 3
Let w = 23 + -9. Let d = -4 + w. List the prime factors of d.
2, 5
Let a = -146 - -301. What are the prime factors of a?
5, 31
Let m(w) = w**3 + 6*w**2 + 4*w + 6. Let i be m(-5). Let p = 64 + i. Suppose -p = -3*n - 3. List the prime factors of n.
2, 3
Let m = -5 + -5. Let n = 2 - m. What are the prime factors of n?
2, 3
Let s = 24 - -24. Let f = s - 20. List the prime factors of f.
2, 7
Suppose -3*h = 2*h + 2*u - 62, 0 = -h + u + 11. What are the prime factors of h?
2, 3
Let n be (-4)/(-1) + 0/1. Suppose n*a + w + 2*w = 6, -a + w - 2 = 0. Let y(k) = -k**2 - k + 7. List the prime factors of y(a).
7
Suppose 0 = -5*k + 6*k + 4. What are the prime factors of (-66)/k*6/9?
11
Suppose -4*g + 33 = 4*k + 1, 2*g = -3*k + 20. Let u(m) = 2*m**2 - 2*m**2 + m**3 + 3 - k*m**